)/(-3)?
2, 23, 83
Suppose 53*d = -35*d + 122*d - 364446. What are the prime factors of d?
3, 397
Let p = 30397 - 18184. Suppose -26*t = -p + 3971. What are the prime factors of t?
317
Let m(u) = 173*u**2 - 44*u - 452. List the prime factors of m(-15).
39133
Let q be 66/(3/1) + -1. Suppose -w = -4*x + 14, 4*w - 3*x = -9 + 5. List the prime factors of (w + (8 - -1))*q.
3, 7, 11
Let c be 10 + (2 - 56/7). Let o(v) = 9*v**3 - 2*v**2 - v + 2. List the prime factors of o(c).
2, 271
Suppose -4*g + 18816 + 2198 = 2*v, -4*v - 2*g + 42022 = 0. What are the prime factors of v?
5, 11, 191
Let i = 90 - 88. Suppose -502 = -i*a + 4*k, 0 = -a - 3*k + 171 + 60. List the prime factors of a.
3
Let q = -12552 - -17118. What are the prime factors of q?
2, 3, 761
What are the prime factors of 2/(-3) - ((-12892684)/42)/7?
2, 19, 577
Let d(c) be the second derivative of 0 - 30*c + 1/12*c**4 + 1/3*c**3 + 0*c**2 - 13/20*c**5. What are the prime factors of d(-2)?
2, 13
Suppose -6*a - 5*a - 4356 = 0. Let v = a + 588. List the prime factors of v.
2, 3
Let o(p) = -p**3 + 8*p**2 + 13*p - 20. Let y be o(9). Suppose y*m = 15*m + 198. What are the prime factors of m?
2, 3, 11
Let u(l) = -23*l - 160. Let k be u(-22). Let v = k + 46. List the prime factors of v.
2, 7
List the prime factors of (-387 - -389)*(-59474)/(-4).
131, 227
Suppose -4*t + 8 = -2*t. Suppose 0*z - t*z - 5*n + 516 = 0, 0 = z + 2*n - 129. List the prime factors of z.
3, 43
Let k(r) = -30*r - 3. Suppose -18*x + 11*x - 140 = 0. List the prime factors of k(x).
3, 199
Suppose -10*f + 93213 + 64331 - 1864 = 0. What are the prime factors of f?
2, 7, 139
Let x be 1/6 + (-10)/(-12). Let l be (x + 1 - (1 - -7))*-18. List the prime factors of (l/21)/(13/(-7) + 2).
2, 3
Suppose 0 = -6*g + 8*g. Let d be (3 + 1 + g)/2. What are the prime factors of ((-2)/4)/(d/(-388))?
97
Suppose 7488 = r - q, -3*r + 62*q + 22488 = 63*q. List the prime factors of r.
2, 3, 1249
What are the prime factors of 4 + 2 + (-226872)/(-36)?
2, 19, 83
Suppose -3*v + 1110 = -5*a + 8260, 4284 = 3*a - 3*v. What are the prime factors of a?
1433
Let g be (44/16 - 3) + (-23)/4. Let i be -2 + (-46)/g - (-6)/18. Suppose -5*m + i*d = 4*d - 318, 3*d = 3. What are the prime factors of m?
2
Let h = -16126 - -27683. What are the prime factors of h?
7, 13, 127
Suppose b = z, 0*z - z + 4*b = 0. Suppose 0*y - 5*r + 154 = y, 5*y + 5*r - 730 = z. What are the prime factors of y?
2, 3
Let x(c) = 277*c**2 + 15*c + 10. What are the prime factors of x(-5)?
2, 5, 7
Let b = -444 + 736. Let y = b + -247. List the prime factors of y.
3, 5
Let y(f) = f**3 + 8*f**2 + 13*f + 13. Let o be y(-6). Let k = o - 10. Let m = 25 + k. List the prime factors of m.
2, 11
Let m(g) be the third derivative of -g**4/24 + 4*g**3/3 - 21*g**2. Let d be m(-6). List the prime factors of ((-49)/d)/(21/(-18) + 1).
3, 7
Let j(z) = 140*z - 4. Let i(p) = 93*p - 3. Let r(s) = 7*i(s) - 5*j(s). List the prime factors of r(-3).
2, 73
Suppose -144*d + 807202 - 686655 = -2891213. What are the prime factors of d?
5, 47, 89
Suppose 3*u - 12 = 0, 8*l - 186 = 10*l - 2*u. Let s = l + 295. What are the prime factors of s?
2, 103
Suppose -u = -2*d + 28281, 2*d + 2*u - 38922 = -10638. What are the prime factors of d?
79, 179
Suppose 0 = 5*h - 3*v - 34, h - 22 = -h + 4*v. Let d be (h - (-135)/(-25)) + (-7)/(-5). What are the prime factors of (-8)/(24/9) + d*147?
2, 3
Suppose 8*q - 25 = 3*q - 5*o, -2*o = -2*q + 22. Suppose -2*z - q*z = -3810. What are the prime factors of z?
3, 127
Let g = 28 + -31. Let x be -1*((-3)/g + -4). Suppose 46 = x*i + 1. List the prime factors of i.
3, 5
Suppose 3*v + v + 2*k = 179890, 2*k = -3*v + 134921. What are the prime factors of v?
193, 233
Let x(v) = 13*v**2 + 19*v - 60. Let n be x(7). Let l = n - 211. List the prime factors of l.
499
Let z be 95/(-20) - 3/12. What are the prime factors of (6 - (z - -40))*-29?
29
Suppose 0 = 6*n - 11*n - 30. Let q be n*2/4*-1. Suppose 3*f + 25 - 220 = -5*a, q*f = -3*a + 117. List the prime factors of a.
3, 13
Let o(t) = 5*t**2 + 33*t + 37. Let m(u) = 11*u**2 + 67*u + 77. Let j(k) = -6*m(k) + 13*o(k). What are the prime factors of j(18)?
181
Let q be 2/4*-206 - -4. Let g = 399 + q. Let z = -147 + g. What are the prime factors of z?
3, 17
Suppose 3*c - 3 = 0, 0*c - 5357 = -5*u + 3*c. Suppose -41*y = -46*y + 2*t - 48, -11 = y + t. What are the prime factors of (-4)/y - (u/(-20) + -3)?
3, 19
Let c(l) = -l**2 - 2. Let i(q) = -3*q**2 - 105*q - 16. Let u(r) = 5*c(r) - i(r). List the prime factors of u(35).
1231
Let t(l) = l - 3. Let y be t(2). Let u be 42/(-28)*4/3*y. Suppose u*g - 107 = 99. What are the prime factors of g?
103
Suppose 0 = 3*n - 3*l - 10518, 55*n - 3494 = 54*n + 3*l. What are the prime factors of n?
2, 439
Let z = -284 - -274. List the prime factors of ((-1014)/(-9))/(z/(-15)).
13
Suppose 12253 = b - 4*i + 4132, 3*b - i = 24407. What are the prime factors of b?
79, 103
Let o = -27133 + 47661. What are the prime factors of o?
2, 1283
Let y = 79 + -118. Suppose 3*o = -52 - 2. Let h = o - y. What are the prime factors of h?
3, 7
Suppose 3*c - 47170 = -4*o, 5*o = 5*c + 22961 + 35984. What are the prime factors of o?
13, 907
Let g = -4904 - -5338. List the prime factors of g.
2, 7, 31
Suppose 19 = 5*u - x, u - 2*x + 10 = 3*u. Let o be 3 + (-15)/10 - 422/u. Let j = 300 + o. List the prime factors of j.
2, 7
Let p(m) = m**3 + 8*m**2 - 8*m + 13. Let q be p(-9). Let k(u) = 18*u**2 - u + 3. List the prime factors of k(q).
7, 41
Suppose 4*v = -4*z + 216, 8*z - 102 = -2*v + 3*z. Suppose 0 = -w + 446 + v. List the prime factors of w.
2, 251
Let i be 5/((-15)/(-2))*102/4. Let z be 1*4 - i/17. Suppose -32 = -z*y - y. List the prime factors of y.
2
Let b(x) = 9*x**2 + x - 3. Let h(i) = -i**2 - 6*i + 19. Let s(t) = t**2 + 7*t + 2. Let y be s(-5). Let q be h(y). What are the prime factors of b(q)?
3
Let r = 3 - 3. Suppose -2*x + 3*f + 62 = 0, 5*f = -0*f - 20. Suppose t - x - 40 = r. List the prime factors of t.
5, 13
Suppose 0 = 4*o + 226 - 5698. Let x = o + 195. What are the prime factors of x?
3, 521
List the prime factors of (181 + -146)/((-2)/(-592)).
2, 5, 7, 37
Let q(s) = 103*s**2 - 76*s + 874. List the prime factors of q(15).
31, 739
What are the prime factors of (3492/8)/(7/238)?
3, 17, 97
Let d = 82 - 75. Let z = d + 120. Suppose -4*b + z = 87. What are the prime factors of b?
2, 5
Let k(c) = -6*c**3 - 4*c**2 + 13*c + 39. Let j be 6/4*88/(-33). What are the prime factors of k(j)?
307
Let y be 97*((-10)/(-9))/5*9. Suppose -382 = -4*d - 5*m, 2*m - y = -2*d - 2*m. Suppose -s + 2 + d = 0. What are the prime factors of s?
5, 19
Suppose -20*z + 57422 + 6638 = 0. What are the prime factors of z?
3203
Let a(t) = 217*t**2 + 114*t - 466. List the prime factors of a(4).
2, 3, 577
Suppose 4*i + 7 = -3*v + 2, 4*i = -2*v + 2. Let a(j) = j**3 + 6*j**2 - 7*j + 2. Let x be a(v). List the prime factors of ((-22)/5)/(x/(-40)).
2, 11
Let a(k) = 34*k**3 + k**2 - 1. Let g be (-4)/4 - (-3 + 1) - -1. Let t be a(g). Suppose 871 = 4*h + t. List the prime factors of h.
149
Let f(x) = 6*x - 16. Let g be f(8). Suppose g = -u - 25. Let k = u + 120. What are the prime factors of k?
3, 7
Let i = -4743 + 4754. What are the prime factors of i?
11
Suppose 8 - 16 = -c. Let r(p) = p**3 - 8*p**2 - 10. Let w be r(c). What are the prime factors of (-2)/w + 1008/35?
29
Suppose 5*n = -4*z + 1392, -2*z + n = -4*z + 690. Let r = z - -19. List the prime factors of r.
2, 181
Let s(k) = -96*k - 1241. What are the prime factors of s(-49)?
3463
Suppose -2*l = 5*g - 1150, 564 = l + 3*g - 6*g. Let x be ((-36)/15)/((-9)/l). Suppose 472 = 3*p + 4*j, 0 = -4*p + 4*j + x + 468. List the prime factors of p.
2, 3, 13
Let s = -57 + 86. Let o = -18 + s. Suppose o*x - 207 = -20. What are the prime factors of x?
17
Let u(h) = 12*h - 92. Let d be u(8). List the prime factors of (2946/d + 0)*66/99.
491
Let r(n) = -7778*n - 377. List the prime factors of r(-1).
3, 2467
Let s = 538 - 548. List the prime factors of (-5)/s + (-24453)/(-18).
3, 151
Suppose 5*j = 13*j + 72. Let m(c) = 40*c + 41. Let g be m(j). Let x = g - -531. List the prime factors of x.
2, 53
Let j be 150/250 + 758/(-5). Let b = j - -544. List the prime factors of b.
3, 131
Suppose -11*w + 0*w = -10*w - 44295. List the prime factors of w.
3, 5, 